{"id":69,"date":"2021-02-13T23:08:47","date_gmt":"2021-02-13T23:08:47","guid":{"rendered":"http:\/\/www.funimec.org\/portal\/index.php\/mesmerize\/"},"modified":"2024-06-28T21:30:45","modified_gmt":"2024-06-28T21:30:45","slug":"mesmerize","status":"publish","type":"page","link":"http:\/\/www.funimec.org\/portal\/","title":{"rendered":"Front Page"},"content":{"rendered":"<div  id=\"features-10\" style=\"background-color: #ffffff;\" data-label=\"Features\" data-id=\"features-16-card-bordered\" data-export-id=\"features-16-card-bordered\" data-category=\"features\" class=\"features-16-card-bordered content-section content-section-spacing\"><div  class=\"gridContainer\"> <div  class=\"row text-center\"><div  class=\"section-title-col\" data-type=\"column\"> <h2  class=\"\">fomentamos la capacitaci\u00f3n de calidad<\/h2> <p  class=\"lead\">Promovemos el dise\u00f1o y desarrolo de acciones de formaci\u00f3n de calidad, pensadas en el alumno y para el alumno. Nuestro compromiso es con la mejora continua del desempe\u00f1o del talento humano de nuestros asociados y de sus clientes.<\/p><\/div> <\/div> <div  class=\"row spaced-cols\" data-type=\"row\"> <div  class=\"col-xs-12 col-sm-6 col-md-4\"> <div  class=\"card no-padding bordered y-move\"> <img decoding=\"async\"  class=\"face\" src=\"http:\/\/www.funimec.org\/portal\/wp-content\/uploads\/2021\/02\/cropped-DSCN0767-1.jpg\" title=\"cropped-DSCN0767-1.jpg\" alt=\"\"> <div  data-type=\"column\" class=\"col-padding-small col-padding-small-xs description-container\"> <h4  class=\"font-500\">Acreditaci\u00f3n<\/h4> <p  class=\"\">Acreditamos las acciones formativas de nuestros asociados con el prop\u00f3sito de garantizar un proceso educacitivo responsable y de calidad.<\/p><\/div> <div  data-type=\"column\" class=\"col-padding-small col-padding-small-xs read-more-container\"><a  class=\"read-more\">learn more<\/a><\/div> <\/div><\/div> <div  class=\"col-xs-12 col-sm-6 col-md-4\"><div  class=\"card no-padding bordered y-move\"> <img decoding=\"async\"  class=\"face\" src=\"http:\/\/www.funimec.org\/portal\/wp-content\/uploads\/2021\/02\/cropped-0001.jpg\" title=\"cropped-0001.jpg\" alt=\"\"> <div  data-type=\"column\" class=\"col-padding-small col-padding-small-xs description-container\"> <h4  class=\"font-500\">Certificaci\u00f3n<\/h4> <p  class=\"\">Certificamos personas bajo un estricto proceso de evaluaci\u00f3n por competencias que garantiza un desempe\u00f1o eficaz de las competencias que se certifican<\/p><\/div> <div  data-type=\"column\" class=\"col-padding-small col-padding-small-xs read-more-container\"><a  class=\"read-more\">learn more<\/a><\/div> <\/div><\/div> <div  class=\"col-xs-12 col-sm-6 col-md-4\"><div  class=\"card no-padding bordered y-move\"> <img decoding=\"async\"  class=\"face\" src=\"http:\/\/www.funimec.org\/portal\/wp-content\/uploads\/2021\/02\/cropped-DSCN0768-2.jpg\" title=\"cropped-DSCN0768-2.jpg\" alt=\"\"> <div  data-type=\"column\" class=\"col-padding-small col-padding-small-xs description-container\"> <h4  class=\"font-500\">Gesti\u00f3n responsable<\/h4> <p  class=\"\">Buscamos innovar mediante la inclusi\u00f3n de un proceso de gesti\u00f3n responsable que incluya toda la organizaci\u00f3n y las partes interesadas m\u00e1s relevantes.<\/p><\/div> <div  data-type=\"column\" class=\"col-padding-small col-padding-small-xs read-more-container\"><a  class=\"read-more\">learn more<\/a><\/div> <\/div><\/div> <\/div><\/div> <\/div><div  id=\"content-13\" style=\"background-color: #f5fafd;\" data-label=\"Content\" data-id=\"content-2\" data-export-id=\"content-2\" data-category=\"content\" class=\"content-2 content-section content-section-spacing\"><div > <div  class=\"row middle-xs\"><div  class=\"col-sm-5 bg-image shadow-large-black\" data-bg=\"image\" style=\"background-image: url(&quot;http:\/\/www.funimec.org\/portal\/wp-content\/uploads\/2021\/02\/cropped-estudiantes.jpg&quot;);\"><\/div> <div  class=\"col-sm-7 full-col-left-padding full-col-right-padding\"> <div  class=\"row\"> <div  data-type=\"column\" class=\"space-bottom-small content-title-col\"> <h5  class=\"\">BECAS FUNIMEC<\/h5> <h2  class=\"\">Sistema de Becas<\/h2> <p  class=\"\">El sistema de becas de FUNIMEC ha sido pensado como un modelo de articulaci\u00f3n y colaboraci\u00f3n financiera entre los participantes y los beneficiaros del programa. Los organismos de capacitaci\u00f3n participantes acreditan sus acciones formativas con FUNIMEC, de manera que los cursos candidatos son sometidos a un proceso de an\u00e1lisis que permite determinar la calidad del servicio, en el cual se eval\u00faa la aplicaci\u00f3n de un est\u00e1ndar en el proceso de desarrollo did\u00e1ctico y aplicaci\u00f3n de las metodolog\u00edas en l\u00ednea, cuando el curso es acreditado, podemos tener plena certeza que los beneficiarios podr\u00e1n gozar de un proceso de ense\u00f1anza aprendizaje de calidad.\n<br >FUNIMEC s\u00f3lo otorga becas a las acciones formativas acreditadas y que forman parte de una red internacional de organismos de capacitaci\u00f3n acreditados.<\/p><\/div> <\/div> <div  class=\"row spaced-cols \" data-type=\"row\">   <div  class=\"col-xs-6\" data-type=\"column\"> <\/div>  <\/div><\/div> <\/div><\/div> <\/div><div  id=\"content-14\" style=\"background-color: #ffffff;\" data-label=\"Content\" data-id=\"content-3\" data-export-id=\"content-3\" data-category=\"content\" class=\"content-3 content-section content-section-spacing\"><div > <div  class=\"row middle-xs\"><div  class=\"col-sm-7 full-col-left-padding full-col-right-padding\"> <div  class=\"row\"><div  data-type=\"column\" class=\"space-bottom-small content-title-col\"> <h5  class=\"\">ACREDITACI\u00d3N<\/h5> <h2  class=\"\">Por qu\u00e9 acreditar<\/h2> <p  class=\"\">La acreditaci\u00f3n FUNIMEC es una herramienta eficaz para demostrar la conformidad de las acciones de capacitaci\u00f3n con los requisitos legales pertinentes y aquellos requisitos reglamentarios de las partes interesadas: la sociedad, los discentes, las empresas participantes.<br ><br >Participar de un curso y adquirir competencias laborales mediante un AFA (acci\u00f3n formativa acreditada) reduce las posibilidades de adquirir un curso desarticulado; las acciones formativas acreditadas aportan valor a las organizaciones que las prefieren porque reducen la posibilidad de p\u00e9rdida de la inversi\u00f3n debido a malas pr\u00e1cticas educativas, as\u00ed mismo les permite asegurar un ROI (retorno sobre la inversi\u00f3n) eficiente.<br >Ventajas para los usuarios:<br ><br >Discentes:<br >a) Garant\u00eda de calidad de los contenidos<br >b) Sistema de reclamos garantizado<br >c) Beneficios de descuentos (becas) en todas las acciones formativas acreditadas.<\/p><\/div> <\/div> <div  class=\"row spaced-cols\" data-type=\"row\"> <div  class=\"col-xs-6\" data-type=\"column\">  <\/div>    <\/div><\/div> <div  class=\"col-sm-5 bg-image shadow-large-black revert-classes-holder\" data-bg=\"image\" style=\"background-image: url(&quot;http:\/\/www.funimec.org\/portal\/wp-content\/uploads\/2021\/02\/cropped-estudiantes2.jpg&quot;);\"><\/div><\/div> <\/div><\/div><div  id=\"portfolio-3\" style=\"background-color: #f5fafd;\" data-label=\"Portfolio\" data-id=\"portfolio-4\" data-export-id=\"portfolio-4\" data-category=\"portfolio\" class=\"portfolio-4 content-section content-section-spacing-top\"><div  class=\"\"> <div  class=\"row text-center\"><div  class=\"section-title-col\" data-type=\"column\"> <h2  class=\"\">Portafolio de cursos&nbsp; acreditados por FUNIMEC<\/h2> <p  class=\"lead\">Actualmente poseemos un portafolio de cursos acreditados por nuestra instituci\u00f3n, estas acciones formativas acreditadas representan un beneficio para estudiantes, centros de capacitaci\u00f3n y empresas que conf\u00edan en los cursos que han recibido la acreditaci\u00f3n FUNIMEC<\/p><\/div> <\/div> <div  data-type=\"row\" class=\"row\" data-fixed=\"true\"> <div  class=\"col-xs-12 col-sm-3 no-gutter-col\"> <div  class=\"contentswap-effect\" data-hover-fx=\"portfolio-4\"> <div  class=\"initial-image\"> <img decoding=\"async\"  data-size=\"542x360\" src=\"http:\/\/www.funimec.org\/portal\/wp-content\/uploads\/2021\/02\/cropped-0001.png\"><\/div> <div  class=\"overlay bg-color1\"><\/div> <div  class=\"swap-inner col-xs-12\"> <div  class=\"row full-height-row middle-xs middle-sm\"> <div  class=\"col-xs-12 text-center content-holder\"> <a href=\"#\" target=\"_self\" rel=\"noopener\"><i  class=\"fa icon portfolio-icon fa-search big\" aria-hidden=\"true\"><\/i><\/a><\/div> <\/div><\/div> <\/div><\/div> <div  class=\"col-xs-12 col-sm-3 no-gutter-col\"><div  class=\"contentswap-effect\" data-hover-fx=\"portfolio-4\"> <div  class=\"initial-image\"> <img decoding=\"async\"  data-size=\"542x360\" src=\"http:\/\/www.funimec.org\/portal\/wp-content\/uploads\/2021\/02\/cropped-0002.png\"><\/div> <div  class=\"overlay bg-color1\"><\/div> <div  class=\"swap-inner col-xs-12\"> <div  class=\"row full-height-row middle-xs middle-sm\"> <div  class=\"col-xs-12 text-center content-holder\"> <a href=\"#\" target=\"_self\" rel=\"noopener\"><i  class=\"fa icon portfolio-icon fa-search big\" aria-hidden=\"true\"><\/i><\/a><\/div> <\/div><\/div> <\/div><\/div> <div  class=\"col-xs-12 col-sm-3 no-gutter-col\"><div  class=\"contentswap-effect\" data-hover-fx=\"portfolio-4\"> <div  class=\"initial-image\"> <img decoding=\"async\"  data-size=\"542x360\" src=\"http:\/\/www.funimec.org\/portal\/wp-content\/uploads\/2021\/02\/cropped-0003.png\"><\/div> <div  class=\"overlay bg-color1\"><\/div> <div  class=\"swap-inner col-xs-12\"> <div  class=\"row full-height-row middle-xs middle-sm\"> <div  class=\"col-xs-12 text-center content-holder\"> <a href=\"#\" target=\"_self\" rel=\"noopener\"><i  class=\"fa icon portfolio-icon fa-search big\" aria-hidden=\"true\"><\/i><\/a><\/div> <\/div><\/div> <\/div><\/div> <div  class=\"col-xs-12 col-sm-3 no-gutter-col\"><div  class=\"contentswap-effect\" data-hover-fx=\"portfolio-4\"> <div  class=\"initial-image\"> <img decoding=\"async\"  data-size=\"542x360\" src=\"http:\/\/www.funimec.org\/portal\/wp-content\/uploads\/2021\/02\/cropped-0005.png\"><\/div> <div  class=\"overlay bg-color1\"><\/div> <div  class=\"swap-inner col-xs-12\"> <div  class=\"row full-height-row middle-xs middle-sm\"> <div  class=\"col-xs-12 text-center content-holder\"> <a href=\"#\" target=\"_self\" rel=\"noopener\"><i  class=\"fa icon portfolio-icon fa-search big\" aria-hidden=\"true\"><\/i><\/a><\/div> <\/div><\/div> <\/div><\/div>     <\/div><\/div> <\/div><div  id=\"counters-2\" style=\"background-color: #f5fafd;\" data-label=\"Counters\" data-id=\"counters-2\" data-export-id=\"counters-2\" data-category=\"counters\" class=\"counters-2 content-section content-section-spacing\"><div  class=\"gridContainer\"> <div  class=\"row text-center\"><div  class=\"section-title-col\" data-type=\"column\"> <h2  class=\"\">Indicadores<\/h2> <p  class=\"lead\">La presente informaci\u00f3n corresponde a indicadores de gesti\u00f3n de nuestro programa de becas FUNIMEC<\/p><\/div> <\/div> <div  class=\"row\" data-type=\"row\"> <div  class=\"col-xs-12 col-sm-4 text-center space-bottom\"> <i  class=\"fa fa-envira icon color1\"><\/i> <h3  class=\"font-400\" data-min=\"0\" data-max=\"180\" data-duration=\"2000\" data-prefix=\"\" data-suffix=\"+\" data-countup=\"true\" style=\"display: inline-block;\"><\/h3> <h5  class=\"upper color2\">alumnos acreditados<\/h5><\/div> <div  class=\"col-xs-12 col-sm-4 text-center space-bottom\"><i  class=\"fa fa-smile-o icon color1\"><\/i> <h3  class=\"font-400\" data-min=\"1\" data-max=\"37\" data-duration=\"2000\" data-prefix=\"\" data-suffix=\"+\" data-countup=\"true\" style=\"display: inline-block;\"><\/h3> <h5  class=\"upper color2\">cursos acreditados 2021<\/h5><\/div> <div  class=\"col-xs-12 col-sm-4 text-center space-bottom\"><i  class=\"fa fa-trophy icon color1\"><\/i> <h3  class=\"font-400\" data-min=\"0\" data-max=\"150\" data-duration=\"2000\" data-prefix=\"\" data-suffix=\"+\" data-countup=\"true\" style=\"display: inline-block;\"><\/h3> <h5  class=\"upper color2\">FELICITACIONES RECIBIDAS<\/h5><\/div> <\/div><\/div> <\/div><div  id=\"contact-1\" data-label=\"Contact\" data-id=\"contact-1\" data-export-id=\"contact-1\" data-category=\"contact\" class=\"contact-1 content-section content-section-spacing white-text\" data-parallax-depth=\"20\"><div  class=\"gridContainer\"> <div  class=\"row text-center\"><div  class=\"section-title-col\" data-type=\"column\"> <h2  class=\"\">Contactanos<\/h2> <p  class=\"lead\">Edificio Ocean Business Plaza \u00b7 1409 \u00b7 Marbella \u00b7 Ciudad de Panam\u00e1 \u00b7 Panam\u00e1<br >fundacion@funimec.org \u00b7 +507 68253513<\/p><\/div> <\/div> <div  class=\"row text-center\"> <div  class=\"col-xs-12 col-sm-8 col-sm-offset-2 contact-form-wrapper inline-info\"> <div  class=\"card large-padding\"> <div  class=\"\" data-content-shortcode=\"mesmerize_contact_form shortcode=&quot;https:\/\/forms.gle\/moWwS3oX8TR9Yu6p6&quot;\" data-editable=\"true\">[https:\/\/forms.gle\/moWwS3oX8TR9Yu6p6]<\/div><\/div> <\/div><\/div> <\/div><\/div>","protected":false},"excerpt":{"rendered":"<p>fomentamos la capacitaci\u00f3n de calidad Promovemos el dise\u00f1o y desarrolo de acciones de formaci\u00f3n de calidad, pensadas en el alumno y para el alumno. Nuestro compromiso es con la mejora continua del desempe\u00f1o del talento humano de nuestros asociados y de sus clientes. Acreditaci\u00f3n Acreditamos las acciones formativas de nuestros asociados con el prop\u00f3sito de&hellip; <br \/> <a class=\"read-more\" href=\"http:\/\/www.funimec.org\/portal\/\">Leer m\u00e1s<\/a><\/p>\n","protected":false},"author":1,"featured_media":0,"parent":0,"menu_order":0,"comment_status":"closed","ping_status":"closed","template":"page-templates\/homepage.php","meta":{"footnotes":""},"class_list":["post-69","page","type-page","status-publish","hentry"],"yoast_head":"<!-- This site is optimized with the Yoast SEO plugin v15.7 - https:\/\/yoast.com\/wordpress\/plugins\/seo\/ -->\n<title>Front Page - FUNIMEC<\/title>\n<meta name=\"robots\" content=\"index, follow, max-snippet:-1, max-image-preview:large, max-video-preview:-1\" \/>\n<link rel=\"canonical\" href=\"http:\/\/www.funimec.org\/portal\/\" \/>\n<meta property=\"og:locale\" content=\"es_ES\" \/>\n<meta property=\"og:type\" content=\"article\" \/>\n<meta property=\"og:title\" content=\"Front Page - FUNIMEC\" \/>\n<meta property=\"og:description\" content=\"fomentamos la capacitaci\u00f3n de calidad Promovemos el dise\u00f1o y desarrolo de acciones de formaci\u00f3n de calidad, pensadas en el alumno y para el alumno. Nuestro compromiso es con la mejora continua del desempe\u00f1o del talento humano de nuestros asociados y de sus clientes. Acreditaci\u00f3n Acreditamos las acciones formativas de nuestros asociados con el prop\u00f3sito de&hellip; Leer m\u00e1s\" \/>\n<meta property=\"og:url\" content=\"http:\/\/www.funimec.org\/portal\/\" \/>\n<meta property=\"og:site_name\" content=\"FUNIMEC\" \/>\n<meta property=\"article:modified_time\" content=\"2024-06-28T21:30:45+00:00\" \/>\n<meta property=\"og:image\" content=\"http:\/\/www.funimec.org\/portal\/wp-content\/uploads\/2021\/02\/cropped-DSCN0767-1.jpg\" \/>\n<meta name=\"twitter:card\" content=\"summary_large_image\" \/>\n<meta name=\"twitter:label1\" content=\"Tiempo de lectura\">\n\t<meta name=\"twitter:data1\" content=\"3 minutos\">\n<script type=\"application\/ld+json\" class=\"yoast-schema-graph\">{\"@context\":\"https:\/\/schema.org\",\"@graph\":[{\"@type\":\"WebSite\",\"@id\":\"http:\/\/www.funimec.org\/portal\/#website\",\"url\":\"http:\/\/www.funimec.org\/portal\/\",\"name\":\"FUNIMEC\",\"description\":\"Fundaci&oacute;n Internacional para la Mejora Continua\",\"potentialAction\":[{\"@type\":\"SearchAction\",\"target\":\"http:\/\/www.funimec.org\/portal\/?s={search_term_string}\",\"query-input\":\"required name=search_term_string\"}],\"inLanguage\":\"es\"},{\"@type\":\"ImageObject\",\"@id\":\"http:\/\/www.funimec.org\/portal\/#primaryimage\",\"inLanguage\":\"es\",\"url\":\"http:\/\/www.funimec.org\/portal\/wp-content\/uploads\/2021\/02\/cropped-DSCN0767-1.jpg\",\"width\":1600,\"height\":1036},{\"@type\":\"WebPage\",\"@id\":\"http:\/\/www.funimec.org\/portal\/#webpage\",\"url\":\"http:\/\/www.funimec.org\/portal\/\",\"name\":\"Front Page - FUNIMEC\",\"isPartOf\":{\"@id\":\"http:\/\/www.funimec.org\/portal\/#website\"},\"primaryImageOfPage\":{\"@id\":\"http:\/\/www.funimec.org\/portal\/#primaryimage\"},\"datePublished\":\"2021-02-13T23:08:47+00:00\",\"dateModified\":\"2024-06-28T21:30:45+00:00\",\"inLanguage\":\"es\",\"potentialAction\":[{\"@type\":\"ReadAction\",\"target\":[\"http:\/\/www.funimec.org\/portal\/\"]}]}]}<\/script>\n<!-- \/ Yoast SEO plugin. -->","_links":{"self":[{"href":"http:\/\/www.funimec.org\/portal\/index.php\/wp-json\/wp\/v2\/pages\/69","targetHints":{"allow":["GET"]}}],"collection":[{"href":"http:\/\/www.funimec.org\/portal\/index.php\/wp-json\/wp\/v2\/pages"}],"about":[{"href":"http:\/\/www.funimec.org\/portal\/index.php\/wp-json\/wp\/v2\/types\/page"}],"author":[{"embeddable":true,"href":"http:\/\/www.funimec.org\/portal\/index.php\/wp-json\/wp\/v2\/users\/1"}],"replies":[{"embeddable":true,"href":"http:\/\/www.funimec.org\/portal\/index.php\/wp-json\/wp\/v2\/comments?post=69"}],"version-history":[{"count":11,"href":"http:\/\/www.funimec.org\/portal\/index.php\/wp-json\/wp\/v2\/pages\/69\/revisions"}],"predecessor-version":[{"id":149,"href":"http:\/\/www.funimec.org\/portal\/index.php\/wp-json\/wp\/v2\/pages\/69\/revisions\/149"}],"wp:attachment":[{"href":"http:\/\/www.funimec.org\/portal\/index.php\/wp-json\/wp\/v2\/media?parent=69"}],"curies":[{"name":"wp","href":"https:\/\/api.w.org\/{rel}","templated":true}]}}