{"id":21,"date":"2021-01-28T17:10:47","date_gmt":"2021-01-28T17:10:47","guid":{"rendered":"http:\/\/www.funimec.org\/portal\/?page_id=21"},"modified":"2021-01-28T20:28:18","modified_gmt":"2021-01-28T20:28:18","slug":"inicio","status":"publish","type":"page","link":"http:\/\/www.funimec.org\/portal\/index.php\/inicio\/","title":{"rendered":"Inicio"},"content":{"rendered":"<p><strong>Fundaci\u00f3n Internacional para la Mejora Continua<\/strong><br \/>\n<strong>FUNIMEC<\/strong><\/p>\n<p>La Fundaci\u00f3n Internacional para la Mejora Continua, FUNIMEC, es una organizaci\u00f3n no gubernamental cuya misi\u00f3n es la acreditaci\u00f3n de organismos de capacitaci\u00f3n y organizaciones de formaci\u00f3n continua, bajo un modelo de educaci\u00f3n a distancia (EaD) con el fin de garantizar gesti\u00f3n de calidad e implementaci\u00f3n responsable de soluciones online.<\/p>\n<p>Nuestro proyecto basado en la filosof\u00eda de la mejora continua ofrece programas de acreditaci\u00f3n, evaluaci\u00f3n de competencias y certificaci\u00f3n de personas en el \u00e1mbito educacional y gesti\u00f3n.<\/p>\n<p>Las organizaciones para ser aceptadas como miembros acreditados en la Red FUNIMEC deben poseer un sistema de gesti\u00f3n educativa basado en la Norma Internacional ISO 21001:2018. Una vez que aprueban la auditor\u00eda de acreditaci\u00f3n, son reconocidas como centros de formaci\u00f3n para la mejora contina CFMC y se les asigna un n\u00famero de registro y un certificado de acreditaci\u00f3n, el cual puede ser validado por los usuarios en l\u00ednea.<\/p>\n<p>Las organizaciones que forman parte de la Red FUNIMEC pueden garantizar que brindan a sus usuarios servicios de capacitaci\u00f3n y formaci\u00f3n continua de calidad educativa pertinente, para ello se apoyan en las buenas pr\u00e1cticas educativas y ofrecen a sus alumnos un modelo de ense\u00f1anza aprendizaje eficaz y acorde con las necesidades del mercado.<\/p>\n","protected":false},"excerpt":{"rendered":"<p>Fundaci\u00f3n Internacional para la Mejora Continua FUNIMEC La Fundaci\u00f3n Internacional para la Mejora Continua, FUNIMEC, es una organizaci\u00f3n no gubernamental cuya misi\u00f3n es la acreditaci\u00f3n de organismos de capacitaci\u00f3n y organizaciones de formaci\u00f3n continua, bajo un modelo de educaci\u00f3n a distancia (EaD) con el fin de garantizar gesti\u00f3n de calidad e implementaci\u00f3n responsable de soluciones&hellip; <br \/> <a class=\"read-more\" href=\"http:\/\/www.funimec.org\/portal\/index.php\/inicio\/\">Leer m\u00e1s<\/a><\/p>\n","protected":false},"author":1,"featured_media":0,"parent":0,"menu_order":0,"comment_status":"closed","ping_status":"closed","template":"","meta":{"footnotes":""},"class_list":["post-21","page","type-page","status-publish","hentry"],"yoast_head":"<!-- This site is optimized with the Yoast SEO plugin v15.7 - https:\/\/yoast.com\/wordpress\/plugins\/seo\/ -->\n<title>Inicio - FUNIMEC<\/title>\n<meta name=\"robots\" content=\"index, follow, max-snippet:-1, max-image-preview:large, max-video-preview:-1\" \/>\n<link rel=\"canonical\" href=\"https:\/\/www.funimec.org\/portal\/index.php\/inicio\/\" \/>\n<meta property=\"og:locale\" content=\"es_ES\" \/>\n<meta property=\"og:type\" content=\"article\" \/>\n<meta property=\"og:title\" content=\"Inicio - FUNIMEC\" \/>\n<meta property=\"og:description\" content=\"Fundaci\u00f3n Internacional para la Mejora Continua FUNIMEC La Fundaci\u00f3n Internacional para la Mejora Continua, FUNIMEC, es una organizaci\u00f3n no gubernamental cuya misi\u00f3n es la acreditaci\u00f3n de organismos de capacitaci\u00f3n y organizaciones de formaci\u00f3n continua, bajo un modelo de educaci\u00f3n a distancia (EaD) con el fin de garantizar gesti\u00f3n de calidad e implementaci\u00f3n responsable de soluciones&hellip; Leer m\u00e1s\" \/>\n<meta property=\"og:url\" content=\"https:\/\/www.funimec.org\/portal\/index.php\/inicio\/\" \/>\n<meta property=\"og:site_name\" content=\"FUNIMEC\" \/>\n<meta property=\"article:modified_time\" content=\"2021-01-28T20:28:18+00:00\" \/>\n<meta name=\"twitter:card\" content=\"summary_large_image\" \/>\n<meta name=\"twitter:label1\" content=\"Tiempo de lectura\">\n\t<meta name=\"twitter:data1\" content=\"1 minuto\">\n<script type=\"application\/ld+json\" class=\"yoast-schema-graph\">{\"@context\":\"https:\/\/schema.org\",\"@graph\":[{\"@type\":\"WebSite\",\"@id\":\"http:\/\/www.funimec.org\/portal\/#website\",\"url\":\"http:\/\/www.funimec.org\/portal\/\",\"name\":\"FUNIMEC\",\"description\":\"Fundaci&oacute;n Internacional para la Mejora Continua\",\"potentialAction\":[{\"@type\":\"SearchAction\",\"target\":\"http:\/\/www.funimec.org\/portal\/?s={search_term_string}\",\"query-input\":\"required name=search_term_string\"}],\"inLanguage\":\"es\"},{\"@type\":\"WebPage\",\"@id\":\"https:\/\/www.funimec.org\/portal\/index.php\/inicio\/#webpage\",\"url\":\"https:\/\/www.funimec.org\/portal\/index.php\/inicio\/\",\"name\":\"Inicio - FUNIMEC\",\"isPartOf\":{\"@id\":\"http:\/\/www.funimec.org\/portal\/#website\"},\"datePublished\":\"2021-01-28T17:10:47+00:00\",\"dateModified\":\"2021-01-28T20:28:18+00:00\",\"inLanguage\":\"es\",\"potentialAction\":[{\"@type\":\"ReadAction\",\"target\":[\"https:\/\/www.funimec.org\/portal\/index.php\/inicio\/\"]}]}]}<\/script>\n<!-- \/ Yoast SEO plugin. -->","_links":{"self":[{"href":"http:\/\/www.funimec.org\/portal\/index.php\/wp-json\/wp\/v2\/pages\/21","targetHints":{"allow":["GET"]}}],"collection":[{"href":"http:\/\/www.funimec.org\/portal\/index.php\/wp-json\/wp\/v2\/pages"}],"about":[{"href":"http:\/\/www.funimec.org\/portal\/index.php\/wp-json\/wp\/v2\/types\/page"}],"author":[{"embeddable":true,"href":"http:\/\/www.funimec.org\/portal\/index.php\/wp-json\/wp\/v2\/users\/1"}],"replies":[{"embeddable":true,"href":"http:\/\/www.funimec.org\/portal\/index.php\/wp-json\/wp\/v2\/comments?post=21"}],"version-history":[{"count":4,"href":"http:\/\/www.funimec.org\/portal\/index.php\/wp-json\/wp\/v2\/pages\/21\/revisions"}],"predecessor-version":[{"id":49,"href":"http:\/\/www.funimec.org\/portal\/index.php\/wp-json\/wp\/v2\/pages\/21\/revisions\/49"}],"wp:attachment":[{"href":"http:\/\/www.funimec.org\/portal\/index.php\/wp-json\/wp\/v2\/media?parent=21"}],"curies":[{"name":"wp","href":"https:\/\/api.w.org\/{rel}","templated":true}]}}